er when 657 is divided by 197.
66
What is the remainder when 23413 is divided by 55?
38
What is the remainder when 11283 is divided by 78?
51
Calculate the remainder when 192464 is divided by 2916.
8
Calculate the remainder when 34944 is divided by 257.
249
Calculate the remainder when 4148 is divided by 829.
3
Calculate the remainder when 16660 is divided by 88.
28
What is the remainder when 100522 is divided by 25?
22
What is the remainder when 19804 is divided by 29?
26
Calculate the remainder when 3923 is divided by 70.
3
Calculate the remainder when 330257 is divided by 14.
11
Calculate the remainder when 196 is divided by 6.
4
What is the remainder when 264288 is divided by 82?
2
Calculate the remainder when 31937 is divided by 63.
59
Calculate the remainder when 519 is divided by 4.
3
What is the remainder when 167802 is divided by 165?
162
What is the remainder when 72265 is divided by 165?
160
Calculate the remainder when 5587 is divided by 1395.
7
What is the remainder when 392309 is divided by 290?
229
Calculate the remainder when 1228 is divided by 5.
3
Calculate the remainder when 31974 is divided by 16.
6
Calculate the remainder when 3200 is divided by 465.
410
Calculate the remainder when 364278 is divided by 24.
6
Calculate the remainder when 29985 is divided by 9985.
30
Calculate the remainder when 52191 is divided by 411.
405
Calculate the remainder when 74715 is divided by 61.
51
What is the remainder when 344 is divided by 159?
26
What is the remainder when 2708249 is divided by 25?
24
What is the remainder when 353138 is divided by 32?
18
What is the remainder when 95462 is divided by 25?
12
What is the remainder when 676 is divided by 623?
53
What is the remainder when 6479 is divided by 3205?
69
What is the remainder when 211359 is divided by 597?
21
Calculate the remainder when 83059 is divided by 10.
9
Calculate the remainder when 2599 is divided by 142.
43
Calculate the remainder when 5699 is divided by 594.
353
What is the remainder when 11991 is divided by 2895?
411
Calculate the remainder when 617 is divided by 263.
91
What is the remainder when 18425 is divided by 407?
110
What is the remainder when 40925 is divided by 1859?
27
What is the remainder when 1086 is divided by 264?
30
What is the remainder when 2263 is divided by 2251?
12
What is the remainder when 71615 is divided by 71586?
29
Calculate the remainder when 4140 is divided by 261.
225
Calculate the remainder when 571356 is divided by 583.
16
Calculate the remainder when 14384 is divided by 1409.
294
What is the remainder when 77964 is divided by 193?
185
Calculate the remainder when 2362 is divided by 506.
338
Calculate the remainder when 826 is divided by 100.
26
What is the remainder when 2659 is divided by 180?
139
Calculate the remainder when 316742 is divided by 158370.
2
Calculate the remainder when 9081 is divided by 20.
1
What is the remainder when 3504 is divided by 322?
284
What is the remainder when 42611 is divided by 67?
66
Calculate the remainder when 26922 is divided by 306.
300
What is the remainder when 299677 is divided by 102?
1
Calculate the remainder when 109483 is divided by 27.
25
Calculate the remainder when 42963 is divided by 71.
8
What is the remainder when 42 is divided by 29?
13
Calculate the remainder when 1825 is divided by 1458.
367
Calculate the remainder when 45816 is divided by 27.
24
What is the remainder when 252045 is divided by 3?
0
What is the remainder when 616 is divided by 6?
4
What is the remainder when 3125 is divided by 623?
10
Calculate the remainder when 168655 is divided by 56193.
76
Calculate the remainder when 12786 is divided by 6303.
180
Calculate the remainder when 2608 is divided by 37.
18
Calculate the remainder when 73859 is divided by 85.
79
What is the remainder when 18675 is divided by 6?
3
What is the remainder when 167063 is divided by 16704?
23
Calculate the remainder when 486463 is divided by 40.
23
What is the remainder when 753 is divided by 352?
49
Calculate the remainder when 2673 is divided by 2406.
267
What is the remainder when 6797 is divided by 1126?
41
What is the remainder when 320133 is divided by 6?
3
Calculate the remainder when 121151 is divided by 11013.
8
Calculate the remainder when 43552 is divided by 806.
28
Calculate the remainder when 22987 is divided by 1589.
741
Calculate the remainder when 2660136 is divided by 26.
24
What is the remainder when 26559 is divided by 12?
3
Calculate the remainder when 27273 is divided by 4544.
9
What is the remainder when 10350 is divided by 426?
126
Calculate the remainder when 23770 is divided by 231.
208
Calculate the remainder when 151215 is divided by 5813.
77
Calculate the remainder when 9847 is divided by 290.
277
What is the remainder when 9679 is divided by 133?
103
What is the remainder when 2319 is divided by 289?
7
Calculate the remainder when 10714 is divided by 1338.
10
What is the remainder when 1017939 is divided by 28?
27
Calculate the remainder when 319785 is divided by 756.
753
Calculate the remainder when 3197 is divided by 240.
77
What is the remainder when 36985 is divided by 499?
59
What is the remainder when 1813 is divided by 119?
28
Calculate the remainder when 42701 is divided by 737.
692
Calculate the remainder when 6933685 is divided by 61.
59
What is the remainder when 117850 is divided by 723?
1
Calculate the remainder when 7489 is divided by 622.
25
What is the remainder when 8325 is divided by 34?
29
What is the remainder when 5493 is divided by 155?
68
Calculate the remainder when 21730 is divided by 141.
16
Calculate the remainder when 8852 is divided by 46.
20
What is the remainder when 35181 is divided by 115?
106
Calculate the remainder when 346047 is divided by 50.
47
What is the remainder when 24536 is divided by 8160?
56
What is the remainder when 466823 is divided by 14588?
7
Calculate the remainder when 1090 is divided by 354.
28
Calculate the remainder when 2539 is divided by 494.
69
What is the remainder when 323587 is divided by 53930?
7
What is the remainder when 462 is divided by 225?
12
Calculate the remainder when 485083 is divided by 1304.
1299
What is the remainder when 44920 is divided by 28?
8
What is the remainder when 2811 is divided by 699?
15
Calculate the remainder when 1840 is divided by 1836.
4
Calculate the remainder when 8899 is divided by 32.
3
What is the remainder when 19730 is divided by 231?
95
What is the remainder when 5292 is divided by 2608?
76
What is the remainder when 2823 is divided by 28?
23
Calculate the remainder when 50490 is divided by 7204.
62
Calculate the remainder when 1936 is divided by 702.
532
What is the remainder when 570 is divided by 20?
10
Calculate the remainder when 370 is divided by 75.
70
What is the remainder when 2613 is divided by 181?
79
What is the remainder when 7631 is divided by 9?
8
Calculate the remainder when 26584 is divided by 19.
3
What is the remainder when 68897 is divided by 24?
17
Calculate the remainder when 1018043 is divided by 1015.
1013
What is the remainder when 110748 is divided by 55366?
16
Calculate the remainder when 87285 is divided by 9.
3
What is the remainder when 61722 is divided by 14?
10
Calculate the remainder when 78856 is divided by 372.
364
What is the remainder when 37709 is divided by 389?
365
What is the remainder when 32882 is divided by 27?
23
What is the remainder when 3282 is divided by 218?
12
Calculate the remainder when 29923 is divided by 908.
867
Calculate the remainder when 749858 is divided by 4716.
14
What is the remainder when 41101 is divided by 16?
13
Calculate the remainder when 76159 is divided by 16.
15
Calculate the remainder when 38202 is divided by 248.
10
Calculate the remainder when 4122 is divided by 1061.
939
Calculate the remainder when 472114 is divided by 18.
10
What is the remainder when 395 is divided by 263?
132
Calculate the remainder when 102391 is divided by 127.
29
Calculate the remainder when 3801 is divided by 28.
21
What is the remainder when 25913 is divided by 7?
6
Calculate the remainder when 1175 is divided by 16.
7
Calculate the remainder when 100663 is divided by 80.
23
What is the remainder when 207031 is divided by 5914?
41
What is the remainder wh